{"id":85,"date":"2016-01-20T10:38:35","date_gmt":"2016-01-20T08:38:35","guid":{"rendered":"http:\/\/www.alteo.sk\/?page_id=85"},"modified":"2016-03-21T22:11:30","modified_gmt":"2016-03-21T20:11:30","slug":"upratovanie-domacnosti","status":"publish","type":"page","link":"https:\/\/www.alteo.sk\/?page_id=85","title":{"rendered":"Upratovanie dom\u00e1cnost\u00ed"},"content":{"rendered":"<p>Zabezpe\u010d\u00edme v\u00e1m jednorazov\u00fd a pravideln\u00fd upratovac\u00ed servis<\/p>\n<p>V\u0161etky slu\u017eby maj\u00fa komplexn\u00fd charakter. Ka\u017ed\u00e9 upratovanie je individu\u00e1lne a prisp\u00f4sobuje sa povahe a vlastnostiam \u010distenej plochy.<\/p>\n<p>Suma za jednotliv\u00e9 upratovacie slu\u017eby sa odv\u00edja od konkr\u00e9tneho typu realizovan\u00fdch pr\u00e1c.<\/p>\n<p>\u0160pecializujeme sa na <strong>upratovanie bytov v Bratislave<\/strong>, Senci a okol\u00ed.<\/p>\n<p>V pr\u00edpade z\u00e1ujmu o na\u0161e slu\u017eby n\u00e1s kontaktujte a my pre V\u00e1s priprav\u00edme predbe\u017en\u00fa cenov\u00fa kalkul\u00e1ciu.<\/p>\n","protected":false},"excerpt":{"rendered":"<p>Zabezpe\u010d\u00edme v\u00e1m jednorazov\u00fd a pravideln\u00fd upratovac\u00ed servis V\u0161etky slu\u017eby maj\u00fa komplexn\u00fd charakter. Ka\u017ed\u00e9 upratovanie je individu\u00e1lne a prisp\u00f4sobuje sa povahe a vlastnostiam \u010distenej plochy. Suma za jednotliv\u00e9 upratovacie slu\u017eby sa odv\u00edja od konkr\u00e9tneho typu realizovan\u00fdch pr\u00e1c. \u0160pecializujeme sa na upratovanie bytov v Bratislave, Senci a okol\u00ed. V pr\u00edpade z\u00e1ujmu o na\u0161e slu\u017eby n\u00e1s kontaktujte a my pre V\u00e1s priprav\u00edme predbe\u017en\u00fa cenov\u00fa kalkul\u00e1ciu.<\/p>\n","protected":false},"author":1,"featured_media":0,"parent":0,"menu_order":0,"comment_status":"closed","ping_status":"closed","template":"","meta":{"footnotes":""},"class_list":["post-85","page","type-page","status-publish","hentry"],"_links":{"self":[{"href":"https:\/\/www.alteo.sk\/index.php?rest_route=\/wp\/v2\/pages\/85","targetHints":{"allow":["GET"]}}],"collection":[{"href":"https:\/\/www.alteo.sk\/index.php?rest_route=\/wp\/v2\/pages"}],"about":[{"href":"https:\/\/www.alteo.sk\/index.php?rest_route=\/wp\/v2\/types\/page"}],"author":[{"embeddable":true,"href":"https:\/\/www.alteo.sk\/index.php?rest_route=\/wp\/v2\/users\/1"}],"replies":[{"embeddable":true,"href":"https:\/\/www.alteo.sk\/index.php?rest_route=%2Fwp%2Fv2%2Fcomments&post=85"}],"version-history":[{"count":4,"href":"https:\/\/www.alteo.sk\/index.php?rest_route=\/wp\/v2\/pages\/85\/revisions"}],"predecessor-version":[{"id":128,"href":"https:\/\/www.alteo.sk\/index.php?rest_route=\/wp\/v2\/pages\/85\/revisions\/128"}],"wp:attachment":[{"href":"https:\/\/www.alteo.sk\/index.php?rest_route=%2Fwp%2Fv2%2Fmedia&parent=85"}],"curies":[{"name":"wp","href":"https:\/\/api.w.org\/{rel}","templated":true}]}}