{"id":74,"date":"2016-01-20T09:58:18","date_gmt":"2016-01-20T07:58:18","guid":{"rendered":"http:\/\/www.alteo.sk\/?page_id=74"},"modified":"2025-02-10T22:08:19","modified_gmt":"2025-02-10T20:08:19","slug":"o-nas","status":"publish","type":"page","link":"https:\/\/www.alteo.sk\/","title":{"rendered":"O n\u00e1s"},"content":{"rendered":"<p>Na\u0161im cie\u013eom je vytvorenie dlhodob\u00e9ho vz\u0165ahu s klientami, zalo\u017een\u00fd na vz\u00e1jomnej d\u00f4vere a na\u0161ej schopnosti poskytn\u00fa\u0165 perfektn\u00e9 slu\u017eby.<\/p>\n<p>Zabezpe\u010d\u00edme V\u00e1m komplexn\u00e9 upratovacie slu\u017eby v Bratislave, v Senci a okol\u00ed. Na\u0161a upratovacia firma sa zaviazala poskytova\u0165 vynikaj\u00face slu\u017eby, od \u017eehlenia a dom\u00e1cich pr\u00e1c, a\u017e po upratovanie kancel\u00e1rskych priestorov a priemyseln\u00e9ho \u010distenia kobercov. S na\u0161imi flexibiln\u00fdmi slu\u017ebami a n\u00edzkymi cenami z\u00edskate kvalitn\u00fd servis.<\/p>\n<p>Ak m\u00e1te z\u00e1ujem o na\u0161e slu\u017eby, kontaktujte n\u00e1s:<\/p>\n<p><a href=\"mailto:info@alteo.sk\">info@alteo.sk<\/a><\/p>\n<p>+421 903 620 919<\/p>\n","protected":false},"excerpt":{"rendered":"<p>Na\u0161im cie\u013eom je vytvorenie dlhodob\u00e9ho vz\u0165ahu s klientami, zalo\u017een\u00fd na vz\u00e1jomnej d\u00f4vere a na\u0161ej schopnosti poskytn\u00fa\u0165 perfektn\u00e9 slu\u017eby. Zabezpe\u010d\u00edme V\u00e1m komplexn\u00e9 upratovacie slu\u017eby v Bratislave, v Senci a okol\u00ed. Na\u0161a upratovacia firma sa zaviazala poskytova\u0165 vynikaj\u00face slu\u017eby, od \u017eehlenia a dom\u00e1cich pr\u00e1c, a\u017e po upratovanie kancel\u00e1rskych priestorov a priemyseln\u00e9ho \u010distenia kobercov. S na\u0161imi flexibiln\u00fdmi slu\u017ebami a n\u00edzkymi cenami z\u00edskate kvalitn\u00fd servis. Ak m\u00e1te z\u00e1ujem o na\u0161e slu\u017eby, kontaktujte n\u00e1s: info@alteo.sk +421 903 620 919<\/p>\n","protected":false},"author":1,"featured_media":0,"parent":0,"menu_order":0,"comment_status":"closed","ping_status":"closed","template":"","meta":{"footnotes":""},"class_list":["post-74","page","type-page","status-publish","hentry"],"_links":{"self":[{"href":"https:\/\/www.alteo.sk\/index.php?rest_route=\/wp\/v2\/pages\/74","targetHints":{"allow":["GET"]}}],"collection":[{"href":"https:\/\/www.alteo.sk\/index.php?rest_route=\/wp\/v2\/pages"}],"about":[{"href":"https:\/\/www.alteo.sk\/index.php?rest_route=\/wp\/v2\/types\/page"}],"author":[{"embeddable":true,"href":"https:\/\/www.alteo.sk\/index.php?rest_route=\/wp\/v2\/users\/1"}],"replies":[{"embeddable":true,"href":"https:\/\/www.alteo.sk\/index.php?rest_route=%2Fwp%2Fv2%2Fcomments&post=74"}],"version-history":[{"count":5,"href":"https:\/\/www.alteo.sk\/index.php?rest_route=\/wp\/v2\/pages\/74\/revisions"}],"predecessor-version":[{"id":182,"href":"https:\/\/www.alteo.sk\/index.php?rest_route=\/wp\/v2\/pages\/74\/revisions\/182"}],"wp:attachment":[{"href":"https:\/\/www.alteo.sk\/index.php?rest_route=%2Fwp%2Fv2%2Fmedia&parent=74"}],"curies":[{"name":"wp","href":"https:\/\/api.w.org\/{rel}","templated":true}]}}